{"id":174,"date":"2024-05-17T16:50:03","date_gmt":"2024-05-17T22:50:03","guid":{"rendered":"https:\/\/garciagallegos.com\/portafolio\/?page_id=174"},"modified":"2026-02-08T03:46:06","modified_gmt":"2026-02-08T09:46:06","slug":"sobre-mi","status":"publish","type":"page","link":"https:\/\/garciagallegos.com\/portafolio\/sobre-mi\/","title":{"rendered":"Sobre m\u00ed"},"content":{"rendered":"<p><strong>Mi nombre es Juan Francisco Garc\u00eda Gallegos.<\/strong><\/p>\n<p>Soy dise\u00f1ador gr\u00e1fico egresado de la Universidad de Guadalajara en 2002.<\/p>\n<p>Con experiencia de 18 a\u00f1os en el servicio p\u00fablico como coordinador de difusi\u00f3n e imagen en el Instituto de Transparencia, Informaci\u00f3n P\u00fablica y Protecci\u00f3n de Datos Personales del Estado de Jalisco (ITEI), he trabajado en diversos proyectos de dise\u00f1o institucional, web y editorial.<\/p>\n<p>Asimismo he desarrollado el dise\u00f1o para montaje de diversos eventos del ITEI, como por ejemplo el stand que se pone a\u00f1o con a\u00f1o en la Feria Internacional del Libro de Guadalajara FIL, y que desde 2011 fue denominado como Pabell\u00f3n de la Transparencia, un espacio dedicado a promover el acceso a la informaci\u00f3n p\u00fablica, la transparencia gubernamental y la protecci\u00f3n de datos personales entre los visitantes.<\/p>\n<p>El ITEI me ha dado todo, una gran familia de trabajo y otra con Paty y El\u00edas, a quienes amo con toda mi alma.<\/p>\n<p>Mi trabajo en el ITEI lo he complementado trabajando en proyectos de derecho, medicina y medio ambientales, entre otros.<\/p>\n<p>En este sitio web muestro un poco de mi trabajo y hago homenaje a los personajes que me han influenciado para ser un mejor profesional cada d\u00eda.<\/p>\n","protected":false},"excerpt":{"rendered":"<p>Mi nombre es Juan Francisco Garc\u00eda Gallegos. Soy dise\u00f1ador gr\u00e1fico egresado de la Universidad de Guadalajara en 2002. Con experiencia de 18 a\u00f1os en el servicio p\u00fablico como coordinador de difusi\u00f3n e imagen en el Instituto de Transparencia, Informaci\u00f3n P\u00fablica y Protecci\u00f3n de Datos Personales del Estado de Jalisco (ITEI), he trabajado en diversos proyectos&#46;&#46;&#46;<\/p>\n","protected":false},"author":1,"featured_media":0,"parent":0,"menu_order":0,"comment_status":"closed","ping_status":"closed","template":"","meta":{"footnotes":""},"class_list":["post-174","page","type-page","status-publish","hentry"],"_links":{"self":[{"href":"https:\/\/garciagallegos.com\/portafolio\/wp-json\/wp\/v2\/pages\/174","targetHints":{"allow":["GET"]}}],"collection":[{"href":"https:\/\/garciagallegos.com\/portafolio\/wp-json\/wp\/v2\/pages"}],"about":[{"href":"https:\/\/garciagallegos.com\/portafolio\/wp-json\/wp\/v2\/types\/page"}],"author":[{"embeddable":true,"href":"https:\/\/garciagallegos.com\/portafolio\/wp-json\/wp\/v2\/users\/1"}],"replies":[{"embeddable":true,"href":"https:\/\/garciagallegos.com\/portafolio\/wp-json\/wp\/v2\/comments?post=174"}],"version-history":[{"count":8,"href":"https:\/\/garciagallegos.com\/portafolio\/wp-json\/wp\/v2\/pages\/174\/revisions"}],"predecessor-version":[{"id":439,"href":"https:\/\/garciagallegos.com\/portafolio\/wp-json\/wp\/v2\/pages\/174\/revisions\/439"}],"wp:attachment":[{"href":"https:\/\/garciagallegos.com\/portafolio\/wp-json\/wp\/v2\/media?parent=174"}],"curies":[{"name":"wp","href":"https:\/\/api.w.org\/{rel}","templated":true}]}}